 prime factors of b.
31
Suppose 0*v - 2*v + 4 = 0. Suppose -v*j - 3*j + 21 = -2*t, -4*j + 18 = -2*t. What are the prime factors of j?
3
Let s be (-88)/(-14) + 4/(-14). Let k be ((-2)/(-6))/(1/s). Suppose k*b - b = 2. List the prime factors of b.
2
Let j = 325 + -123. What are the prime factors of j?
2, 101
Suppose 0*r - 21 = -r. What are the prime factors of r?
3, 7
Let k be (-75)/5 + 5 + -2. Let u = k + 34. What are the prime factors of u?
2, 11
Let k = 181 - 56. What are the prime factors of k?
5
Suppose 4*g - 20 = 96. List the prime factors of g.
29
Let w be ((-6)/9)/(1/(-21)). Suppose -3*g + 7*g = 2*d - w, -25 = -5*g. Suppose 0 = 4*r - 2*k - 38, d = 2*r - r + k. What are the prime factors of r?
2, 3
Suppose -20 = -4*s, -t - 5*s = 1 - 60. List the prime factors of t.
2, 17
Let f = -6 - -10. Let n be f/3*(-9)/(-2). Let x(t) = t**3 - 7*t**2 + 6*t + 6. List the prime factors of x(n).
2, 3
Let j = 8 - 7. List the prime factors of (-30)/(-2) + 0/j.
3, 5
Let x(a) = 2*a**2 - 6*a. Let r be -3*-3*(-12)/(-27). Let o be x(r). List the prime factors of ((-4)/o)/((-1)/14).
7
Let z = 30 + -1. What are the prime factors of z?
29
Let k(b) = 2*b**2 + 5*b - 8. List the prime factors of k(-4).
2
Let y = 76 + -54. What are the prime factors of y?
2, 11
Let j(y) be the third derivative of -y**6/120 - y**5/15 + y**4/6 + y**3 + 2*y**2. What are the prime factors of j(-5)?
11
Let i = -6 + 8. Suppose -3*r + 12 = z, 4*r - 12 = i*z - 36. What are the prime factors of z?
2, 3
Suppose 4*r - 3*f - f - 40 = 0, -20 = -2*r + 5*f. Suppose 2*z - 8 = -2*j, -z - 20 = -5*j - 3*z. Let m = j + r. What are the prime factors of m?
2, 7
Let v be (-12)/(6 - 3) - -3. Let c = v - -12. List the prime factors of c.
11
Suppose 0*m - 3*m - 3 = 0. List the prime factors of 1 - (2 + -1)/m.
2
Let o(n) = n**2 + 3*n - 7. What are the prime factors of o(5)?
3, 11
List the prime factors of (-94)/(-14) + (-4)/(-14).
7
Suppose 4*l - 2*w - 10 = 0, -5*w = 3*l + 6 + 6. Suppose 2*a - 9 = -l. Suppose 3*y + 7 = a*y. List the prime factors of y.
7
Let x(m) = -m**2 + 15*m - 15. What are the prime factors of x(10)?
5, 7
Let g(x) = -x**2 + x + 6. Let l(h) = h**2 - 6*h - 7. Let y be l(7). List the prime factors of g(y).
2, 3
Let n(v) = 2*v**3 - 30*v**2 + 7*v - 13. List the prime factors of n(15).
2, 23
What are the prime factors of 2/(-10)*45/(-9)*257?
257
Suppose -x - 5*g = -0*g - 16, 5*g = 3*x - 108. Suppose r - 2 = -i + 7, -x = -3*i - 2*r. List the prime factors of i.
13
Let g(k) = k**3 + 5*k**2 - 7*k + 1. Let m be g(-6). Suppose -m = -4*h - r, -h - 3*r = -3 + 4. List the prime factors of h.
2
Let o(i) = -171*i - 1. Let q be o(-1). Suppose z + 4*z = q. List the prime factors of z.
2, 17
Suppose 3*c - 3 = 0, -5*s + c = -5 + 11. Let o(w) = -2*w + 1. Let h be o(s). Suppose -20 = -2*d + 3*u, h*u - 39 - 1 = -4*d. List the prime factors of d.
2, 5
Let s be (-1 - -2)*(1 + -1). Let y be 1 + s - (3 - 5). What are the prime factors of (2 - y)*-1 + 11?
2, 3
Suppose 5*y + 13 = 213. List the prime factors of y.
2, 5
Suppose -d - 3 - 48 = 0. Let p be 2/(-3 + d/(-15)). Suppose -3*b - m + 3*m + 64 = 0, 0 = -5*b - p*m + 90. What are the prime factors of b?
2, 5
Suppose -5 = 3*y - 14. What are the prime factors of y?
3
Let p = 13 - 8. Suppose -2*k + p*k = 6. List the prime factors of k.
2
Suppose 4*y = 4*i - 140, -2*i - y - 3*y + 82 = 0. Suppose 0 = -5*j + i + 23. List the prime factors of j.
2, 3
Let d(k) = -45*k - 1. List the prime factors of d(-2).
89
Let p(k) = 36*k + 5. Let d(o) = -7*o - 1. Let h(n) = 11*d(n) + 2*p(n). Suppose -5*l + 0 = 15. What are the prime factors of h(l)?
2, 7
Let q(b) = -b + 8. Let o be q(6). Suppose -8*w + 3*w + 4*x = -26, o*w - 2*x - 12 = 0. List the prime factors of w.
2
Let a(j) = -4*j - 7. What are the prime factors of a(-26)?
97
Let b = -1 + 1. Let d(v) = 5 + 2*v - v + 0*v. List the prime factors of d(b).
5
Suppose 2*i = 4 + 40. List the prime factors of i.
2, 11
Suppose -3*i - i = -100. Suppose -i = -2*r + 3*b, -3*r = -2*r - b - 10. Suppose z - r*z = -8. What are the prime factors of z?
2
Let c = 11 + -9. Suppose -c*i - 16 = -4*i. What are the prime factors of i?
2
Let v(f) = f**3 + 4*f**2 - f - 2. Let h be v(-4). Suppose l - 17 = h*g + 20, 5*l = 2*g + 193. Suppose -t = -4*t + l. What are the prime factors of t?
13
List the prime factors of (-6)/18 + (-124)/(-3).
41
Let h(m) = -m + 2. List the prime factors of h(-8).
2, 5
Let w(t) = t**3 - 4*t**2 + 5*t + 4. Let b be (16/6)/(8/12). What are the prime factors of w(b)?
2, 3
Suppose -629 + 245 = -4*g. List the prime factors of g.
2, 3
Suppose 3*s + 2*j = 37, -2*j = s + 4 - 11. List the prime factors of s.
3, 5
Suppose -h - 34 - 50 = 5*m, -m - 5*h = 12. Let g = m + 26. List the prime factors of g.
3
Suppose 294 - 79 = 5*t. What are the prime factors of t?
43
Suppose 0 = 2*r - y + 17, -5*r + 38 = -10*r + 4*y. What are the prime factors of (0 + 28/r)*-5?
2, 7
Let b(w) = 12*w + 2. Let m be b(5). Suppose -5*g + 0*y + m = y, -3*y = 9. List the prime factors of g.
13
Suppose -t + 7 + 13 = 0. List the prime factors of t.
2, 5
Let q(k) = -k - 2. Let p be q(-6). Let j be ((-81)/(-12))/(1/p). Let f = -11 + j. List the prime factors of f.
2
List the prime factors of 814*4/72 - 2/9.
3, 5
Suppose -h + 2*h = -6. List the prime factors of 7 - 4/(-2 - h).
2, 3
List the prime factors of (-2)/14 - (-674)/14.
2, 3
Suppose -4*w = -4 - 4, -4*z - w + 706 = 0. List the prime factors of z.
2, 11
Let j be 28/6 + 3/9. What are the prime factors of (-36)/((j - 1)/(-2))?
2, 3
Let b(n) = 2*n + 1. List the prime factors of b(7).
3, 5
Suppose 0 = -i + 3 + 1. Let y = 16 - 11. Suppose -o + 16 = -c, -i*o + 0*o + 68 = -y*c. What are the prime factors of o?
2, 3
List the prime factors of 132/5 + 6/(-15).
2, 13
Suppose -3*j + 9 = 3*y, -y - 2*y + 23 = -4*j. Let o be 6*(j - (-10)/4). Let c = o - -2. What are the prime factors of c?
5
Let h = 11 + -7. Suppose 40 = h*n - 0*n. What are the prime factors of n?
2, 5
Let m be (20/8)/((-1)/4). Let h be (-4)/(-10) - 16/m. List the prime factors of (-1)/(-2)*11*h.
11
Suppose -5*p + 12 = -3. Suppose -p*i + 0*i + 30 = 0. List the prime factors of i.
2, 5
Let i = 26 + -10. List the prime factors of i.
2
Let h(k) = -k**3 + 3*k**2 + 4*k + 3. Suppose 12 = -2*q + 5*q. Let a = q + 0. List the prime factors of h(a).
3
Let t be (-2)/4*(-6 - -6). Suppose t = 3*c - 5*m + 1, c - m + 3 = 2*m. What are the prime factors of c?
3
Let n(x) = x**2 + 2*x - 5. Let f be n(-4). Suppose -f + 36 = 3*l + 3*y, 3*y - 3 = 2*l. Let p = 1 + l. List the prime factors of p.
7
Suppose 8 = -4*k + 4. Let c be k/(2/(-4 - 0)). List the prime factors of 17 - ((-2)/c - -2).
2
Let x = -15 + 10. Let d be (2/x)/(1/(-5)). Suppose u = d*r - 7 + 2, -2*r = -2*u - 2. List the prime factors of u.
3
Let o be (-1)/((-10)/(-6) + -2). Suppose -4*b + 2*p = -74, -4*p - 9 = o*b - 59. What are the prime factors of b?
2, 3
Let o = 415 - 268. List the prime factors of o.
3, 7
Let q be ((-5)/(-3))/(7/21). Suppose q*s - s - 112 = 0. Let h = s - 15. What are the prime factors of h?
13
Suppose -4*b = 5*n - 10, -n + 26 = -0*b - 4*b. What are the prime factors of (9/n)/(1/14)?
3, 7
Let t = 6 + -11. Let d = 0 - t. Let w = 7 - d. List the prime factors of w.
2
Suppose -3*j + 50 = 3*u - 4*j, -2*u - 3*j + 15 = 0. What are the prime factors of u?
3, 5
Let f = -7 + 8. List the prime factors of (f - (-63)/(-6))*-2.
19
Let o = -45 - -63. Suppose f - 25 = -5*r - 4*f, 4*r = -2*f + o. Suppose -5*y = -r*p - 56, -1 = y + 4*p + 7. List the prime factors of y.
2
Suppose -2*x - 2 = -5*g + 2, x + 2 = g. Suppose k = 3 - g. Suppose k*v - v - 30 = 0. List the prime factors of v.
3, 5
Let d(k) be the first derivative of -k**4/4 - 7*k**3/3 - k**2/2 + 3*k - 3. Let l be 21*((-1)/3 - 0). List the prime factors of d(l).
2, 5
Suppose -420 = -5*c + 3*j - 0*j, 2*c - 137 = -5*j. List the prime factors of c.
3
Suppose -3*r - 12 = r. Let h be 5/2*(-30)/r. Let b = h + -18. What are the prime factors of b?
7
Let c be ((-13)/(-3))/(1/3). Let h = c + -7. List the prime factors of h.
2, 3
Let f(d) = -d**2 - 6*d + 1. Suppose r + 5*q = -3*r - 35, r = q - 2. Let j be f(r). Let m(p) = 3*p - 7. What are the prime factors of m(j)?
11
Let u(m) = m**2 + 11*m + 1. List the prime factors of u(-14).
43
Let y(o) be the second derivative of 1/3*o**4